t q(y) = 10*y**3 + 2*y**2 - y + 3. Let o be q(-4). Let i = 348 + o. What are the prime factors of 4/6 + (-3)/9*i?
5, 17
Suppose 27*v + 2*f + 276180 = 32*v, -2*v + 5*f = -110472. List the prime factors of v.
2, 3, 4603
Suppose 20*u + 1 = 141. Suppose -25*c + 8604 = -u*c. What are the prime factors of c?
2, 239
Suppose 117671 = 7*h + 18894. List the prime factors of h.
103, 137
Let s be ((-50)/(-2) + 6/6)*1. Suppose -j - s + 30 = 0. Suppose -l - 255 = -j*l - 4*a, 0 = -3*l - a + 255. List the prime factors of l.
5, 17
Let f(w) = -w**3 - 3*w**2 - 4*w - 5. Suppose 5*y - 13 = g, -4*g + 5*y = -9*g - 5. Let p be f(g). What are the prime factors of ((-70)/p)/((-6)/9)?
3, 5
Let h = 40493 - 12765. What are the prime factors of h?
2, 1733
Let a be 41/(-123) + (-5)/3. What are the prime factors of -6*(4 + a)*-5?
2, 3, 5
Let m = -10 - -46. Suppose -41*b + m*b = -65. Let w = b + 17. List the prime factors of w.
2, 3, 5
Let l = 16460 - 1498. List the prime factors of l.
2, 7481
Let q(g) = 13*g**3 - 4*g**2 - 2*g. Let n be q(-1). Suppose -f + 29 = -54. Let p = f + n. List the prime factors of p.
2, 17
Let t be (-42)/70 - (-3943)/5. Let n = t - 516. List the prime factors of n.
2, 17
Let h(p) = -148*p**3 + 2*p**2 + 4*p - 38. What are the prime factors of h(-4)?
2, 3, 5, 7
Let q be 13*((-4)/(-2) + -9). What are the prime factors of (q + -4)*-2*(-4 + 5)?
2, 5, 19
Let o = 20934 + -13383. What are the prime factors of o?
3, 839
What are the prime factors of ((-2 + -1)/9)/(9/(-4914)) + -5?
3, 59
Let v be 268/14 + (-4)/28. Suppose 0 = -15*n + v*n - 1960. List the prime factors of n.
2, 5, 7
Let h(m) be the first derivative of m**2 - 24*m + 27. Let q be h(7). What are the prime factors of 9/(27/q)*-36?
2, 3, 5
Let t(y) = -y**3 + 31*y**2 - 26*y - 131. Let z be t(30). Suppose 2*f - 49 = 89. Let q = f + z. What are the prime factors of q?
2, 29
Let h(y) = -y**2 + 25*y - 45. Let c be h(23). What are the prime factors of c/(5 - (6976/1396 - 0))?
349
Suppose -2*r - 380 = -384. Suppose 0 = -4*a - 6*x + 2*x + 4972, 5*a - r*x - 6180 = 0. List the prime factors of a.
2, 619
Let d(f) = -37*f - 49. Let x = -43 - -37. Let y be d(x). Suppose -y = -a - 0*a. List the prime factors of a.
173
Suppose 606*a - 627*a = -190344. List the prime factors of a.
2, 11, 103
Let k(s) = 80*s**2 + 520*s + 7018. What are the prime factors of k(-14)?
2, 13, 593
Suppose -2*n - 283 = -889. Let h = 363 - n. What are the prime factors of h?
2, 3, 5
Let m(l) = -l**3 - 10*l**2 - 2*l - 6. Let i be m(-11). Let c = 329 + i. What are the prime factors of c?
2, 233
Let o(b) = 21*b - 37. Let d(t) = t**3 + 4*t**2 - 11*t - 12. Let a be d(-5). List the prime factors of o(a).
11, 31
Suppose -13 = 3*g - 4, g - 921 = -4*c. Suppose -2*f = -199 - c. What are the prime factors of f?
5, 43
List the prime factors of (-15)/25 - (3 - 9946/10).
991
Suppose 3*c = 3*m - 115695, 2*c + 91871 = 3*m - 23819. What are the prime factors of m?
2, 5, 241
Suppose 5672*h = 5678*h - 217524. What are the prime factors of h?
2, 18127
Let x = -174 + -120. Let j = x + 60. Let a = -134 - j. What are the prime factors of a?
2, 5
Let y(x) = -2193*x + 2043. What are the prime factors of y(-18)?
3, 7, 659
Let d(l) = 21*l**2 + 2*l + 5. Let h be d(-5). Suppose -4*g + 3*n = -h - 614, g - n = 284. List the prime factors of g.
2, 3, 47
Let d be (-1354)/(-5) - 4/(-20). Let b = d - 38. List the prime factors of b.
233
Let m be -1 + ((-341)/(-88) - (-1)/8). Suppose -3*i - 5*o + 659 = 0, 2*i = 3*i - m*o - 215. What are the prime factors of i?
2, 109
Let s = -66 - -69. Let w be (s + 2)/(-10) - (-1)/(-2). List the prime factors of (w - -6) + -4 + -1 + 55.
5, 11
Let m(c) = -68*c**3 - c - 1. Let k(u) = -u + 13. Let r = -38 + 52. Let h be k(r). List the prime factors of m(h).
2, 17
Suppose -65*l + 48327 + 352138 = 0. List the prime factors of l.
61, 101
Let x(v) = 2*v**2 - 8*v + 49. Let f be x(18). Suppose -3*p - 2*u + f = 0, 3*p = 2*p + 2*u + 171. What are the prime factors of p?
181
Suppose 13 = -t - 5*v - 2, -32 = -4*t + 3*v. Suppose -4*h = 3*x + t - 2876, 2*h = 4*x + 1452. List the prime factors of h.
2, 3, 5
Let p(b) = b**2 - 53. Let h be p(0). Let r = 148 + h. What are the prime factors of 0 + (804/10)/(38/r)?
3, 67
Let f(y) = 7*y - 13. Let n(x) = -x. Let o(r) = f(r) + 2*n(r). Let p be o(7). Suppose -c = -44 - p. List the prime factors of c.
2, 3, 11
List the prime factors of 13705 + (-6)/(-90) + (-62)/30.
71, 193
Let c(t) = -62*t**3 - 2*t**2 - 2*t. Let v be c(-2). Suppose -16*w + v = 3644. Let a = -96 - w. What are the prime factors of a?
101
Let t = 8887 - 5840. List the prime factors of t.
11, 277
Let u(g) = 25*g + 210. Let t be u(-8). Suppose -4*h + 5*d = -5457, -4*d - 30 = -t. What are the prime factors of h?
2, 7, 97
Let i be (-1 + -1)*((-2)/1)/(-4). Let d be i*(-1)/(-3) + (-2760)/(-18). Suppose -55 = 7*b - d. List the prime factors of b.
2, 7
Let w = 23372 + -10659. List the prime factors of w.
12713
Let l(j) = -j**2 - 4*j - 1. Let i be l(-2). Let x(f) be the first derivative of f**4 - 3*f**2 + 12*f - 923. What are the prime factors of x(i)?
2, 3, 17
Let r(d) = 2*d - 15. Suppose -2*v + 3*t - 55 = 0, t + 99 = -4*v - 4*t. Let a = -15 - v. List the prime factors of r(a).
7
Suppose 52245 = 43*l - 0*l. Suppose 58*h - l = 49*h. What are the prime factors of h?
3, 5
Let v(p) = -6*p**3 + 8*p**2 - 3*p + 10. Let f be v(7). Let a = -1092 - f. Suppose 0 = -6*z + z + a. What are the prime factors of z?
3, 13
Suppose 4*l + 16 = -0, -3*g = -3*l. Let j be -10*(g/(-5))/((-12)/1020). Suppose -j + 165 = -5*p. What are the prime factors of p?
103
Suppose 15*b + 25314 = 3*i, -10*b = -5*i - 8*b + 42190. What are the prime factors of i?
2, 4219
Let f(d) = 9*d**3 - 2*d**2 + d. Let y be f(7). What are the prime factors of 16/12 + y/3?
2, 5
Suppose -5*w + 3*d + 12112 + 36575 = 0, -w + d + 9737 = 0. What are the prime factors of w?
2, 3, 541
Let f be (39/(-4))/(63/(-84)). Let d(u) = 15*u - f*u + 34 - 6*u + 7. What are the prime factors of d(-12)?
89
Let c(j) = -2877*j - 350. List the prime factors of c(-1).
7, 19
Suppose 0 = 2*q + 5*g + 10, -4*q - 12 + 18 = -3*g. Suppose 5*i + 10*t - 2220 = 5*t, q = -4*i + 4*t + 1800. List the prime factors of i.
3, 149
List the prime factors of 2078760/75 - (-52)/(-65).
2, 13, 41
Let h be 1/((-1)/(41/1)). Let i = -35 - h. Let l(d) = 9*d + 10. What are the prime factors of l(i)?
2
Let g(t) = 4*t**2 - 102*t - 6769. What are the prime factors of g(129)?
149, 313
Suppose -4*k - 4*k + 56 = 0. Suppose 0 = 4*z + 1 + k. List the prime factors of 94 + -1 + z - -1.
2, 23
Let w(p) = -p**2 + 10*p - 16. Let q be w(7). Suppose q*u + 25 = 0, 0*r + 12 = -r - u. Let n = 181 - r. What are the prime factors of n?
2, 47
Let t = -138 - -1806. List the prime factors of t.
2, 3, 139
Suppose -701*y - 48 = -709*y. Suppose y*g + 621 = 6675. List the prime factors of g.
1009
Let b(o) = o**3 + 9*o**2 + 15. Suppose -4*n = -2*t + 18 + 10, 0 = -2*t - 8. Let q be b(n). List the prime factors of q/6*142/5.
71
What are the prime factors of 147088/(-348)*6/(-4)?
2, 317
Let y = 282 + -280. Suppose -6664 = -16*d + y*d. List the prime factors of d.
2, 7, 17
Suppose 2*q = -0*q - n + 27, -2*q + 4*n + 2 = 0. Suppose -7 = -6*j + q. Suppose -312 = -2*w + x, 0*x - 2*x = j*w - 461. List the prime factors of w.
5, 31
Suppose -4*d + 12*d - 4*d = 0. Let s(k) = 2*k**2 + 2*k - 1. Let c be s(-2). Suppose 523 = c*t - 2*a, -t + d*t - 3*a + 189 = 0. What are the prime factors of t?
3, 59
List the prime factors of (7 - (24 - 8)) + 31654.
5, 6329
Suppose 0 = -91*o + o + 229050. What are the prime factors of o?
5, 509
Let x(v) = 11553*v + 12. What are the prime factors of x(1)?
3, 5, 257
Suppose 1908 = -23*b + 11*b. Let y = 1078 - b. What are the prime factors of y?
1237
Let p = -6275 + 10705. List the prime factors of p.
2, 5, 443
Let a = 111035 - 71344. List the prime factors of a.
19, 2089
Let j = -1970 - -3376. List the prime factors of j.
2, 19, 37
Suppose 5*v - 4*v = 1, -4*z = -2*v + 1118. Let l = 469 + z. List the prime factors of l.
2, 5, 19
Let v(m) = -3*m + 1. Let p(t) = t**3 - 6*t + 3. Let z be p(2). Let q be v(z). Suppose q*x + 146 = 6*x. List the prime factors of x.
73
Let g(x) = 10*x + 44. Suppose 0 = -6*c - 0 + 30. Let l(b) = -5*b - 22. Let z(r) = c*l(r) + 3*g(r). List the prim